135. Suppose y - 1 - 5 = 0. Suppose -y = 11*u - v*u. What are the prime factors of u?
2, 3
Let b be ((-343)/14)/((-2)/4). Suppose 3*j - 4*k + 43 = -25, 0 = -4*j - 3*k - b. What are the prime factors of (-2)/j - (-988)/32?
31
Suppose 9722 - 2319 = 3*g - 2*n, -3*n - 12 = 0. List the prime factors of g.
5, 17, 29
Suppose 12 = -5*h - 8. Let o(p) = 15*p**2 - 10*p - 2. What are the prime factors of o(h)?
2, 139
Suppose -152 - 218 = 5*g + 5*l, -g + 2*l = 59. Let c = g - -94. List the prime factors of c.
5
Let l(x) = x**3 - 5*x**2 - 9*x + 1. Let c be -8 - -12 - 6/(-2). List the prime factors of l(c).
2, 3
Let n(v) = 38*v**3 + 2*v**2 - 9*v - 1. List the prime factors of n(3).
2, 127
Suppose 0 = -4*o + 2*k + 497 + 845, 0 = -2*o + 5*k + 651. Suppose o = 3*s - 568. Suppose -4*h + 2*z + s = 0, 3*h + 2*z - 3*z = 225. List the prime factors of h.
2, 37
Let d be 2/(-5) - 461*(-2)/5. Suppose 3*x = 5*x - d. List the prime factors of x.
2, 23
List the prime factors of (-30)/195 + (-74418)/(-39).
2, 3, 53
Suppose 2*w = -3*w + v + 1508, -2 = -v. What are the prime factors of w?
2, 151
List the prime factors of (-1588)/(-12) + 2/3.
7, 19
Let k = -2961 + 6101. List the prime factors of k.
2, 5, 157
Let j = 38 - 31. Let g = 31 + j. What are the prime factors of g?
2, 19
Let j(s) = 3*s**2 - 12*s - 22. List the prime factors of j(-12).
2, 277
Suppose -262 = -3*x + 56. Suppose -4 = z, -z - 31 = -2*j - 115. Let c = j + x. List the prime factors of c.
2, 31
Let g = -5 - -8. Suppose p + g - 4 = -3*n, -2*n - 16 = 4*p. List the prime factors of (54/p)/(2/(-10)).
2, 3
Let c = 16 - 13. Suppose 0 = y - c*y. Let q(s) = s**2 - s + 18. List the prime factors of q(y).
2, 3
Let s(u) = 266*u**3 - 2*u**2 + u + 1. Let r be s(1). Suppose 49 = 5*m - r. List the prime factors of m.
3, 7
Suppose -y - 3*y + 504 = 0. What are the prime factors of y?
2, 3, 7
Let w = 944 + 346. Suppose w = 11*i - 602. What are the prime factors of i?
2, 43
Let b(q) = -47*q + 227. What are the prime factors of b(-6)?
509
Let k(h) = 48*h + 147. List the prime factors of k(5).
3, 43
What are the prime factors of (19/(-2))/(15/(-420))?
2, 7, 19
Let g = -133 + 86. Let i = -20 - g. List the prime factors of i.
3
Suppose 0 = -5*w - 9 - 36. Let a(k) = -9*k + 8. Let y be a(-6). What are the prime factors of y/3*w/(-6)?
31
Suppose -875*m + 869*m + 1164 = 0. List the prime factors of m.
2, 97
Let w(k) = -k**2 - 12*k - 7. Let d be w(-11). Let i be d/(-14) - 79/(-7). What are the prime factors of (74 - i)*(-1)/(-3)?
3, 7
Let d be (3/2)/(1/2). Suppose 2*o - 34 = -3*x - d*o, 2*o + 41 = 3*x. Suppose 2*y = 89 - x. List the prime factors of y.
2, 19
List the prime factors of (-94)/(1038/708 - 3/2).
47, 59
Suppose p - 6 + 4 = 0. Let w be (265/10)/((-1)/p). Let n = w - -93. List the prime factors of n.
2, 5
Let c(o) = 112*o**2 + 3*o - 1. Let q be c(1). Let g = -79 + q. What are the prime factors of g?
5, 7
Suppose -5*o = -6*o + 284. Suppose -4*u + 8*u = o. List the prime factors of u.
71
Let x(p) = 5*p**2 - 4*p - 4. Suppose o = -6 + 2. List the prime factors of x(o).
2, 23
Let r(c) = 16*c - 24. Suppose -2*p + 3*p = 7. List the prime factors of r(p).
2, 11
Suppose -2898*v + 2897*v = -2798. List the prime factors of v.
2, 1399
Let u = 4752 - 2443. List the prime factors of u.
2309
Suppose -5*p - n = -5254 - 421, 4*p - 4549 = n. List the prime factors of p.
2, 71
Suppose -x + 2*s = -305, 3*x = 2*x - 2*s + 297. What are the prime factors of x?
7, 43
Let i(n) = -3*n**3 + 49*n**2 - 13*n - 60. List the prime factors of i(15).
3, 5, 43
Let l = -9 - -14. Suppose 4*z + l*s = -297, 3*z + 4*s + 360 = -2*z. Let g = -41 - z. What are the prime factors of g?
3
Let q = -5 - -1. Let n be (-647)/q + 14/56. What are the prime factors of (-3 - -2)/((-6)/n)?
3
Suppose -4*r = -0*r. Suppose 6*m + r*m - 222 = 0. List the prime factors of m.
37
Let n = 464 - 389. What are the prime factors of n?
3, 5
Let y(h) = h**2 + 2*h - 3. Let c be -8 + 6 - (1 + 0). Let q be y(c). Suppose 3*u - 3*a - 78 = q, 66 = 3*u - 0*u + a. List the prime factors of u.
23
Suppose 5*j - 14 - 11 = 0. Suppose -2*v + j = -73. List the prime factors of v.
3, 13
Let l(t) = -t - 11. Let w be l(-12). Let s(p) = -8*p**3 - 5. Let j(h) = -h**3 + 1. Let z(r) = w*s(r) + 6*j(r). List the prime factors of z(-1).
3, 5
List the prime factors of (-4 - -7)/(3/398).
2, 199
Suppose 3*q - 36 = -q. List the prime factors of 3/q + (-488)/(-12).
41
Suppose 16*v - 17898 = -3*v. List the prime factors of v.
2, 3, 157
Suppose v = -4*n + 9425 + 8490, -9 = -3*v. What are the prime factors of n?
2, 2239
Suppose -3*c - 3*o = -4818, -3849 - 962 = -3*c + 4*o. What are the prime factors of c?
3, 5, 107
Let q(a) = -a**2 - 37*a - 1. List the prime factors of q(-13).
311
Let q(a) = 2*a**2 - 2*a. Let d be q(2). Suppose -15 = 3*v, -2*v - 246 = -4*u - d*v. Suppose 2*c - 52 = -3*j, -c = -2*j - j + u. List the prime factors of j.
2, 5
Let j(x) = -14*x - 8. Let h(z) = -57*z - 33. Let r(n) = 5*h(n) - 21*j(n). Let a be r(11). Suppose m - a = -m. List the prime factors of m.
3, 17
What are the prime factors of 6/(-4)*((-17824)/48 + -8)?
569
Let a be 1*(-3 + -1 - -7). Suppose -t - a*t = -60. What are the prime factors of t?
3, 5
Suppose 4*o = 5*f + 2025, 4*o - 2834 = 2*f - 800. List the prime factors of o.
2, 3, 5, 17
What are the prime factors of 3440/50*(11 - 6)?
2, 43
Let y(w) be the first derivative of -w**5/20 + 7*w**4/12 + w**3/6 + 9*w**2/2 - w + 4. Let x(k) be the first derivative of y(k). List the prime factors of x(7).
2
Let n(w) = 31*w**2 - 7*w - 4. Let c be n(-3). Suppose 0 = 3*q - c + 47. List the prime factors of q.
83
Let r(p) be the first derivative of 2*p**3/3 + 9*p**2 - 19*p - 7. Let v be r(-13). Let h = v + -45. What are the prime factors of h?
2, 5
Suppose -5*y + 118 = 4*b, -6*y + b + 108 = -y. Let m = 17 - y. Let f = m - -19. List the prime factors of f.
2, 7
Suppose 0*r = 3*r + 306. Let u = r - -242. List the prime factors of u.
2, 5, 7
Suppose 5*c + 2644 = 12899. What are the prime factors of c?
7, 293
Let h(l) = -l**2 + 10*l + 10. Let n(o) = 3*o - 14. Let t be n(8). List the prime factors of h(t).
2, 5
Suppose 910 = 4*c + 238. Let q = c - 105. What are the prime factors of q?
3, 7
Let h(q) = 9*q**2 + 5. Let v be h(-4). Suppose 0 = 4*p - v - 103. Let s = p + -44. What are the prime factors of s?
19
Let g(s) = s**2 + 8*s + 10. Let n be g(-7). Let b(z) = 0 + n*z + 24*z - 2. List the prime factors of b(1).
5
Let t be 30/6 + -9*13. What are the prime factors of t/(-6) + (-10)/15?
2, 3
Let t = -52 - 5. Let r = t + 111. What are the prime factors of r?
2, 3
Let b = 391 + 15. What are the prime factors of b?
2, 7, 29
Suppose i = r + 92, 2*i - 5*i + 275 = -2*r. Let q = -35 + i. What are the prime factors of q?
2, 7
Suppose -3*m - 27 = 5*t, -5*t + m - 7 = 4. Let u(s) be the second derivative of -5*s**3/6 - s**2 + s. List the prime factors of u(t).
13
List the prime factors of (-82259)/86*2/(-1).
1913
Let p be (12/8)/(1/(-2)). What are the prime factors of (p - -4)/((-2)/(-86))?
43
Let k = 0 - -2. Suppose -k*l + 118 = -0*l. Suppose 5*o - 4*f + 18 = l, o + f - 1 = 0. List the prime factors of o.
5
Let y be (-82)/(-533) + ((-37)/(-13) - -1). Suppose -3*g + 100 = v, y*v = v - 15. What are the prime factors of g?
5, 7
Let n = 139 + 434. What are the prime factors of n?
3, 191
Let i(q) = 825*q + 30. List the prime factors of i(2).
2, 3, 5, 7
Let q = -52 + 56. Suppose 2*a - 2*i + q*i = 326, a = -5*i + 147. List the prime factors of a.
167
Suppose -3*k = k - 48. Let x(l) be the first derivative of 2*l**2 + 27*l - 114. List the prime factors of x(k).
3, 5
Let v(s) = -3*s**3 - s**2 + 2*s - 4. Suppose 5*i = 4*y + 7, 4*i = -2*y + 3*i - 7. List the prime factors of v(y).
2, 31
Let h be ((-3)/(-4))/((-36)/(-240)). Suppose -3*i + 44 = h*m, 0 = 2*m - 5*i + 2*i - 26. Suppose -10*w + 8*w = -m. List the prime factors of w.
5
Let f = 32 + -30. Suppose 22 - 336 = -5*p - g, -f*p + 5*g = -131. What are the prime factors of p?
3, 7
Suppose -4*u - 105 = -285. Let r be (-60)/(-31) + 6/93. Let c = u + r. List the prime factors of c.
47
Suppose -4*v - 10 = h + h, 0 = -3*h - 5*v - 11. What are the prime factors of (333/(-3))/((18/(-4))/h)?
2, 37
Let b(a) = 784*a - 78. List the prime factors of b(2).
2, 5, 149
Let j = 12 + 13. What are th